{"id":4225,"date":"2024-12-02T10:41:25","date_gmt":"2024-12-02T13:41:25","guid":{"rendered":"https:\/\/sitesbbr.com\/recrutamento\/?page_id=4225"},"modified":"2024-12-02T10:41:25","modified_gmt":"2024-12-02T13:41:25","slug":"politica-de-privacidade","status":"publish","type":"page","link":"https:\/\/sitesbbr.com\/recrutamento\/politica-de-privacidade\/","title":{"rendered":"Pol\u00edtica de Privacidade"},"content":{"rendered":"<div class=\"wpb-content-wrapper\"><p>[vc_row][vc_column][vc_empty_space][vc_column_text css=&#8221;&#8221;]<img loading=\"lazy\" decoding=\"async\" class=\"alignnone wp-image-4226 \" src=\"https:\/\/sitesbbr.com\/recrutamento\/wp-content\/uploads\/2024\/12\/politica.jpg\" alt=\"\" width=\"325\" height=\"55\" srcset=\"https:\/\/sitesbbr.com\/recrutamento\/wp-content\/uploads\/2024\/12\/politica.jpg 567w, https:\/\/sitesbbr.com\/recrutamento\/wp-content\/uploads\/2024\/12\/politica-300x51.jpg 300w\" sizes=\"auto, (max-width: 325px) 100vw, 325px\" \/>[\/vc_column_text][vc_row_inner][vc_column_inner][vc_column_text css=&#8221;&#8221;]<\/p>\n<p style=\"text-align: justify;\"><strong>Pol\u00edtica de Privacidade e Prote\u00e7\u00e3o de Dados<\/strong><\/p>\n<p style=\"text-align: justify;\">N\u00f3s, do Grupo Inrise, temos o compromisso de manter sua privacidade durante todo o processo de navega\u00e7\u00e3o. Para firmar nossa transpar\u00eancia, disponibilizamos este espa\u00e7o para esclarecer nossa conduta diante dos dados pessoais que voc\u00ea nos confidencia.<\/p>\n<p style=\"text-align: justify;\">Vale lembrar que esta Pol\u00edtica de Privacidade e Prote\u00e7\u00e3o de Dados que voc\u00ea l\u00ea a seguir foi criada com base nas boas pr\u00e1ticas de prote\u00e7\u00e3o de dados pessoais e seguindo as disposi\u00e7\u00f5es da LGPD e demais normas pertinentes.<\/p>\n<p style=\"text-align: justify;\">Ao utilizar nossos servi\u00e7os e navegar em nossos sites, voc\u00ea entende que coletaremos e usaremos suas informa\u00e7\u00f5es pessoais nas formas descritas nesta Pol\u00edtica, sob as normas de Prote\u00e7\u00e3o de Dados (LGPD, Lei Federal 13.709\/2018), das disposi\u00e7\u00f5es consumeristas da Lei Federal 8078\/1990 e as demais normas do ordenamento jur\u00eddico brasileiro aplic\u00e1veis.<\/p>\n<p style=\"text-align: justify;\">Dessa forma, o Grupo Inrise, inscrito no CNPJ\/MF sob o n\u00ba 09.057.021\/0001-18, no papel de Controladora de Dados, obriga-se ao disposto na presente Pol\u00edtica de Privacidade e Prote\u00e7\u00e3o de Dados.<\/p>\n<p style=\"text-align: justify;\"><strong>1. Como coletamos os dados pessoais?<\/strong><\/p>\n<p style=\"text-align: justify;\">O Grupo Inrise coleta os dados pessoais quando o usu\u00e1rio:<br \/>\n1.1 &#8211; preenche os formul\u00e1rios do site;<br \/>\n1.2 &#8211; subscreve-se ao boletim de not\u00edcias (newsletter);<br \/>\n1.3 &#8211; responde a uma enquete ou preenche um formul\u00e1rio web;<br \/>\n1.4 &#8211; preenche um formul\u00e1rio impresso;<br \/>\n1.5 &#8211; envia e-mail ou se comunica telefonicamente;<br \/>\n1.6 &#8211; envia whatsapp aos nossos contatos;<br \/>\n1.7 &#8211; envia dados via redes sociais.<\/p>\n<p style=\"text-align: justify;\"><strong>2. Quais dados coletamos sobre voc\u00ea e para qual finalidade?<\/strong><br \/>\nCom base no item 1 acima, os dados coletados poder\u00e3o ser nome, endere\u00e7o, e-mail, telefone, celular e outros dados gerais. Todos estes tem apenas a finalidade de aprimorar nossos contatos com clientes, enviar informa\u00e7\u00f5es relevantes ao dia a dia do mesmo e melhorar a experi\u00eancia de nossos trabalhos. Nunca, em hip\u00f3tese alguma, estes dados s\u00e3o vendidos, trocados ou abertos para pessoas que n\u00e3o fa\u00e7am parte dos colaboradores Inrise.<\/p>\n<p style=\"text-align: justify;\"><strong>3. Quais s\u00e3o os seus direitos?<\/strong><br \/>\nO Grupo Inrise assegura a seus usu\u00e1rios\/clientes\/contatos seus direitos de titular previstos no artigo 18 da Lei Geral de Prote\u00e7\u00e3o de Dados. Dessa forma, voc\u00ea pode, de maneira gratuita e a qualquer tempo:<\/p>\n<p style=\"text-align: justify;\">3.1 &#8211; confirmar a exist\u00eancia de tratamento de dados, de maneira simplificada ou em formato claro e completo;<br \/>\n3.2 &#8211; ccessar seus dados, podendo solicit\u00e1-los em uma c\u00f3pia leg\u00edvel sob forma impressa ou por meio eletr\u00f4nico, seguro e id\u00f4neo;<br \/>\n3.3 &#8211; corrigir seus dados, ao solicitar a edi\u00e7\u00e3o, corre\u00e7\u00e3o ou atualiza\u00e7\u00e3o destes;<br \/>\n3.4 &#8211; limitar seus dados quando desnecess\u00e1rios, excessivos ou tratados em desconformidade com a legisla\u00e7\u00e3o atrav\u00e9s da anonimiza\u00e7\u00e3o, bloqueio ou elimina\u00e7\u00e3o;<br \/>\n3.5 &#8211; solicitar a portabilidade de seus dados;<br \/>\n3.6 &#8211; eliminar seus dados tratados a partir de seu consentimento, exceto nos casos previstos em lei;<br \/>\n3.7 &#8211; revogar seu consentimento, desautorizando o tratamento de seus dados;<br \/>\n3.8 &#8211; informar-se sobre a possibilidade de n\u00e3o fornecer seu consentimento e sobre as consequ\u00eancias da negativa.<\/p>\n<p style=\"text-align: justify;\">Vale lembrar que \u00e9 apenas a partir do seu consentimento que tratamos os seus dados pessoais. O consentimento \u00e9 a manifesta\u00e7\u00e3o livre, informada e inequ\u00edvoca pela qual voc\u00ea autoriza nossa empresa a tratar seus dados.<br \/>\nAo proporcionar os dados de car\u00e1ter pessoal ao Grupo Inrise, o usu\u00e1rio declara aceitar plenamente a incorpora\u00e7\u00e3o de suas informa\u00e7\u00f5es cadastrais \u00e0 nossa base de dados, assim como estar ciente das disposi\u00e7\u00f5es desta Pol\u00edtica de Privacidade, conhecendo seus direitos e como exerc\u00ea-los.<\/p>\n<p style=\"text-align: justify;\"><strong>4. Como voc\u00ea pode exercer seus direitos de titular?<\/strong><br \/>\nPara exercer seus direitos de titular, voc\u00ea deve entrar em contato com o Grupo Inrise atrav\u00e9s dos seguintes meios dispon\u00edveis:<\/p>\n<p style=\"text-align: justify;\">4.1 &#8211; e-mail: contato@grupoinrise.com.br<br \/>\n4.2 &#8211; telefone: (11) 3477.3443<br \/>\n4.1 &#8211; whatsapp: (11) 9.3722.8815<\/p>\n<p style=\"text-align: justify;\">De forma a garantir a sua correta identifica\u00e7\u00e3o como titular dos dados pessoais objeto da solicita\u00e7\u00e3o, \u00e9 poss\u00edvel que solicitemos documentos ou demais comprova\u00e7\u00f5es que possam comprovar sua identidade. Nessa hip\u00f3tese, voc\u00ea ser\u00e1 informado previamente.<\/p>\n<p style=\"text-align: justify;\"><strong>5. Como e por quanto tempo seus dados ser\u00e3o armazenados?<\/strong><br \/>\nSeus dados pessoais coletados pelo Grupo Inrise ser\u00e3o utilizados e armazenados durante o tempo necess\u00e1rio para a presta\u00e7\u00e3o do servi\u00e7o ou para que as finalidades elencadas na presente Pol\u00edtica de Privacidade sejam atingidas, considerando os direitos dos titulares dos dados e dos controladores.<\/p>\n<p style=\"text-align: justify;\"><strong>6. O que fazemos para manter seus dados seguros?<\/strong><br \/>\nPara mantermos suas informa\u00e7\u00f5es pessoais seguras, usamos ferramentas f\u00edsicas, eletr\u00f4nicas e gerenciais orientadas para a prote\u00e7\u00e3o da sua privacidade. Aplicamos essas ferramentas levando em considera\u00e7\u00e3o a natureza dos dados pessoais coletados, o contexto e a finalidade do tratamento e os riscos que eventuais viola\u00e7\u00f5es gerariam para os direitos e liberdades do titular dos dados coletados e tratados. Entre as medidas que adotamos, destacamos as seguintes:<\/p>\n<p style=\"text-align: justify;\">6.1 &#8211; apenas pessoas autorizadas t\u00eam acesso a seus dados pessoais;<br \/>\n6.2 &#8211; o acesso a seus dados pessoais \u00e9 feito somente ap\u00f3s o compromisso de confidencialidade;<br \/>\n6.3 &#8211; seus dados pessoais s\u00e3o armazenados em ambiente seguro e id\u00f4neo;<\/p>\n<p style=\"text-align: justify;\">O Grupo Inrise se compromete a adotar as melhores posturas para evitar incidentes de seguran\u00e7a. Contudo, \u00e9 necess\u00e1rio destacar que nenhuma p\u00e1gina virtual \u00e9 inteiramente segura e livre de riscos. \u00c9 poss\u00edvel que, apesar de todos os nossos protocolos de seguran\u00e7a, problemas de culpa exclusivamente de terceiros ocorram, como ataques cibern\u00e9ticos de hackers, ou tamb\u00e9m em decorr\u00eancia da neglig\u00eancia ou imprud\u00eancia do pr\u00f3prio usu\u00e1rio\/cliente. Em caso de incidentes de seguran\u00e7a que possa gerar risco ou dano relevante para voc\u00ea ou qualquer um de nossos usu\u00e1rios\/clientes, comunicaremos aos afetados e a Autoridade Nacional de Prote\u00e7\u00e3o de Dados sobre o ocorrido, em conson\u00e2ncia com as disposi\u00e7\u00f5es da Lei Geral de Prote\u00e7\u00e3o de Dados.<\/p>\n<p style=\"text-align: justify;\"><strong>7. Com quem seus dados podem ser compartilhados?<\/strong><br \/>\nTendo em vista a preserva\u00e7\u00e3o de sua privacidade, o Grupo Inrise n\u00e3o compartilhar\u00e1 seus dados pessoais com nenhum terceiro n\u00e3o autorizado. Por\u00e9m existem hip\u00f3teses em que seus dados poder\u00e3o ser compartilhados, a saber:<\/p>\n<p style=\"text-align: justify;\">7.1 &#8211; se for requerida por uma autoridade judicial ou administrativa;<br \/>\n7.2 &#8211; caso seja necess\u00e1rio para cumprir com a lei;<br \/>\n7.3 &#8211; se ditos dados forem de utilidade para a prote\u00e7\u00e3o de direitos de terceiros;<br \/>\n7.4 &#8211; quando for \u00fatil para a prote\u00e7\u00e3o dos direitos, propriedade ou seguran\u00e7a do Grupo Inrise, seus controladores, vinculadas, diretores, gerentes, empregados, os usu\u00e1rios ou o p\u00fablico em geral;<br \/>\n7.5 &#8211; quando mediarem raz\u00f5es fundadas relativas \u00e0 seguran\u00e7a p\u00fablica, a defesa nacional ou a sa\u00fade p\u00fablica.<\/p>\n<p style=\"text-align: justify;\"><strong>8. Cookies ou dados de navega\u00e7\u00e3o<\/strong><br \/>\nO Grupo Inrise faz uso de cookies, que s\u00e3o arquivos de texto enviados pela plataforma ao seu computador e que nele se armazenam, que cont\u00e9m informa\u00e7\u00f5es relacionadas \u00e0 navega\u00e7\u00e3o do site. Em suma, os cookies s\u00e3o utilizados para aprimorar a experi\u00eancia de uso. Ao acessar nosso site e consentir com o uso de cookies, voc\u00ea manifesta conhecer e aceitar a utiliza\u00e7\u00e3o de um sistema de coleta de dados de navega\u00e7\u00e3o com o uso de cookies em seu dispositivo. Voc\u00ea pode, a qualquer tempo e sem nenhum custo, alterar as permiss\u00f5es, bloquear ou recusar os Cookies. Todavia, a revoga\u00e7\u00e3o do consentimento de determinados Cookies pode inviabilizar o funcionamento correto de alguns recursos da plataforma.<\/p>\n<p style=\"text-align: justify;\">Voc\u00ea pode ter maiores informa\u00e7\u00f5es sobre os Cookies que utilizamos e como eles funcionam na nossa Pol\u00edtica de Cookies, dispon\u00edvel neste link:\u00a0<a href=\"http:\/\/www.inriseconsultoria.com.br\/termos-de-uso\">http:\/\/www.inriseconsultoria.com.br\/termos-de-uso<\/a>\u00a0.<\/p>\n<p style=\"text-align: justify;\"><strong>9. Altera\u00e7\u00e3o desta Pol\u00edtica de Privacidade<\/strong><br \/>\nReservamos o direito de modificar essa Pol\u00edtica de Privacidade a qualquer tempo, principalmente em fun\u00e7\u00e3o da adequa\u00e7\u00e3o a eventuais altera\u00e7\u00f5es feitas em nosso site ou em \u00e2mbito legislativo. Recomendamos que voc\u00ea a revise com frequ\u00eancia.<\/p>\n<p style=\"text-align: justify;\"><strong>10. Responsabilidade<\/strong><br \/>\nO Grupo Inrise prev\u00ea a responsabilidade dos agentes que atuam nos processos de tratamento de dados, em conformidade com os artigos 42 ao 45 da Lei Geral de Prote\u00e7\u00e3o de Dados. Nos comprometemos em manter esta Pol\u00edtica de Privacidade atualizada, observando suas disposi\u00e7\u00f5es e zelando por seu cumprimento. Al\u00e9m disso, tamb\u00e9m assumimos o compromisso de buscar condi\u00e7\u00f5es t\u00e9cnicas e organizativas seguramente aptas a proteger todo o processo de tratamento de dados. Caso a Autoridade Nacional de Prote\u00e7\u00e3o de Dados exija a ado\u00e7\u00e3o de provid\u00eancias em rela\u00e7\u00e3o ao tratamento de dados realizado pela (nome empresarial simplificado), comprometemo-nos a segui-las.<\/p>\n<p style=\"text-align: justify;\"><strong>11. Isen\u00e7\u00e3o de responsabilidade<\/strong><br \/>\nConforme mencionado no T\u00f3pico 6, embora adotemos elevados padr\u00f5es de seguran\u00e7a a fim de evitar incidentes, n\u00e3o h\u00e1 nenhuma p\u00e1gina virtual inteiramente livre de riscos. Nesse sentido, o Grupo Inrise n\u00e3o se responsabiliza por:<\/p>\n<p style=\"text-align: justify;\">11.1 &#8211; quaisquer consequ\u00eancias decorrentes da neglig\u00eancia, imprud\u00eancia ou imper\u00edcia dos usu\u00e1rios em rela\u00e7\u00e3o a seus dados individuais. Garantimos e nos responsabilizamos apenas pela seguran\u00e7a dos processos de tratamento de dados e do cumprimento das finalidades descritas no presente instrumento. Destacamos que a responsabilidade em rela\u00e7\u00e3o \u00e0 confidencialidade dos dados de acesso \u00e9 do usu\u00e1rio;<br \/>\n11.2 &#8211; a\u00e7\u00f5es maliciosas de terceiros, como ataques de hackers, exceto se comprovada conduta culposa ou deliberada do Grupo Inrise. Destacamos que em caso de incidentes de seguran\u00e7a que possam gerar risco ou dano relevante para voc\u00ea ou qualquer um de nossos usu\u00e1rios\/clientes, comunicaremos aos afetados e a Autoridade Nacional de Prote\u00e7\u00e3o de Dados sobre o ocorrido e cumpriremos as provid\u00eancias necess\u00e1rias;<br \/>\n11.3 &#8211; Inveracidade das informa\u00e7\u00f5es inseridas pelo usu\u00e1rio\/cliente nos registros necess\u00e1rios para a utiliza\u00e7\u00e3o dos servi\u00e7os do Grupo Inrise. Quaisquer consequ\u00eancias decorrentes de informa\u00e7\u00f5es falsas ou inseridas de m\u00e1-f\u00e9 s\u00e3o de inteiramente responsabilidade do usu\u00e1rio\/cliente.<\/p>\n<p style=\"text-align: justify;\"><strong>12. Encarregado de Prote\u00e7\u00e3o de Dados<\/strong><br \/>\nCaso tenha d\u00favidas sobre esta Pol\u00edtica de Privacidade ou sobre os dados pessoais que tratamos, voc\u00ea pode entrar em contato com o nosso Encarregado de Prote\u00e7\u00e3o de Dados Pessoais, atrav\u00e9s dos seguintes canais:<\/p>\n<p style=\"text-align: justify;\">12.1 &#8211; Nome do Encarregado: Alexandre Motta<br \/>\n12.2 &#8211; Email do Encarregado: alexandre.motta@grupoinrise.com.br<\/p>\n<p>[\/vc_column_text][\/vc_column_inner][\/vc_row_inner][\/vc_column][\/vc_row][vc_row][vc_column][\/vc_column][\/vc_row]<\/p>\n<\/div>","protected":false},"excerpt":{"rendered":"<p>[vc_row][vc_column][vc_empty_space][vc_column_text css=&#8221;&#8221;][\/vc_column_text][vc_row_inner][vc_column_inner][vc_column_text css=&#8221;&#8221;] Pol\u00edtica de Privacidade e Prote\u00e7\u00e3o de Dados N\u00f3s, do Grupo Inrise, temos o compromisso de manter sua privacidade durante todo o processo de navega\u00e7\u00e3o. Para firmar nossa transpar\u00eancia, disponibilizamos este espa\u00e7o para esclarecer nossa conduta diante dos dados pessoais que voc\u00ea nos confidencia. Vale lembrar que esta Pol\u00edtica de Privacidade e Prote\u00e7\u00e3o [&hellip;]<\/p>\n","protected":false},"author":1,"featured_media":0,"parent":0,"menu_order":0,"comment_status":"closed","ping_status":"closed","template":"","meta":{"footnotes":""},"class_list":["post-4225","page","type-page","status-publish","hentry"],"post_mailing_queue_ids":[],"_links":{"self":[{"href":"https:\/\/sitesbbr.com\/recrutamento\/wp-json\/wp\/v2\/pages\/4225","targetHints":{"allow":["GET"]}}],"collection":[{"href":"https:\/\/sitesbbr.com\/recrutamento\/wp-json\/wp\/v2\/pages"}],"about":[{"href":"https:\/\/sitesbbr.com\/recrutamento\/wp-json\/wp\/v2\/types\/page"}],"author":[{"embeddable":true,"href":"https:\/\/sitesbbr.com\/recrutamento\/wp-json\/wp\/v2\/users\/1"}],"replies":[{"embeddable":true,"href":"https:\/\/sitesbbr.com\/recrutamento\/wp-json\/wp\/v2\/comments?post=4225"}],"version-history":[{"count":2,"href":"https:\/\/sitesbbr.com\/recrutamento\/wp-json\/wp\/v2\/pages\/4225\/revisions"}],"predecessor-version":[{"id":4228,"href":"https:\/\/sitesbbr.com\/recrutamento\/wp-json\/wp\/v2\/pages\/4225\/revisions\/4228"}],"wp:attachment":[{"href":"https:\/\/sitesbbr.com\/recrutamento\/wp-json\/wp\/v2\/media?parent=4225"}],"curies":[{"name":"wp","href":"https:\/\/api.w.org\/{rel}","templated":true}]}}