{"id":3409,"date":"2024-03-27T10:11:01","date_gmt":"2024-03-27T13:11:01","guid":{"rendered":"https:\/\/sitesbbr.com\/recrutamento\/?page_id=3409"},"modified":"2024-11-21T10:48:41","modified_gmt":"2024-11-21T13:48:41","slug":"midia-impressa-jornal","status":"publish","type":"page","link":"https:\/\/sitesbbr.com\/recrutamento\/midia-impressa-jornal\/","title":{"rendered":"M\u00eddia Impressa \u2013 Jornal"},"content":{"rendered":"<div class=\"wpb-content-wrapper\"><p>[vc_row type=&#8221;full_width_background&#8221; bg_color=&#8221;#dd3333&#8243; top_padding=&#8221;10&#8243; bottom_padding=&#8221;10&#8243;][vc_column enable_animation=&#8221;true&#8221; animation=&#8221;fadeInLeft&#8221; delay=&#8221;500ms&#8221;][\/vc_column][\/vc_row][vc_row type=&#8221;full_width_background&#8221; bg_image=&#8221;3217&#8243; bg_position=&#8221;center center&#8221; parallax_bg=&#8221;true&#8221; bg_color=&#8221;#ffffff&#8221; overlay=&#8221;true&#8221; overlay_color=&#8221;rgba(255,255,255,0.7)&#8221; top_padding=&#8221;60&#8243; bottom_padding=&#8221;40&#8243;][vc_column width=&#8221;1\/2&#8243; enable_animation=&#8221;true&#8221; animation=&#8221;fadeInLeft&#8221; delay=&#8221;600ms&#8221;][vc_column_text]<\/p>\n<p style=\"text-align: justify;\"><img loading=\"lazy\" decoding=\"async\" class=\"alignnone wp-image-3424 \" src=\"https:\/\/sitesbbr.com\/recrutamento\/wp-content\/uploads\/2024\/03\/1.jpg\" alt=\"\" width=\"240\" height=\"45\" srcset=\"https:\/\/sitesbbr.com\/recrutamento\/wp-content\/uploads\/2024\/03\/1.jpg 576w, https:\/\/sitesbbr.com\/recrutamento\/wp-content\/uploads\/2024\/03\/1-300x56.jpg 300w\" sizes=\"auto, (max-width: 240px) 100vw, 240px\" \/><\/p>\n<p><strong>Clique-os para visualiza\u00e7\u00e3o:<\/strong>[\/vc_column_text][vc_tabs style=&#8221;style_1&#8243; position=&#8221;left&#8221;][vc_tab title=&#8221;1&#8243; tab_id=&#8221;5092ac4e-8944-9&#8243;][vc_column_text css=&#8221;&#8221;]<a href=\"https:\/\/sitesbbr.com\/recrutamento\/wp-content\/uploads\/2024\/04\/A-Comarca-do-Mundo-Juridico-no-18-ano-2.jpg\">A Comarca do Mundo Jur\u00eddico (n\u00ba 18 &#8211; ano 2)<\/a><br \/>\n<a href=\"https:\/\/sitesbbr.com\/recrutamento\/wp-content\/uploads\/2024\/04\/A-Comarca-do-Mundo-Juridico-no-20-ano-2.jpg\">A Comarca do Mundo Jur\u00eddico (n\u00ba 20 &#8211; ano 2)<\/a><br \/>\n<a href=\"https:\/\/sitesbbr.com\/recrutamento\/wp-content\/uploads\/2024\/04\/A-Comarca-do-Mundo-Juridico-no-24-ano-3.jpg\">A Comarca do Mundo Jur\u00eddico (n\u00ba 24 &#8211; ano 3)<\/a><br \/>\n<a href=\"https:\/\/sitesbbr.com\/recrutamento\/wp-content\/uploads\/2024\/04\/DCI-Diario-Comercio-Industria-e-Servicos-no-2869-ano-XII.jpg\">DCI &#8211; Di\u00e1rio Com\u00e9rcio Ind\u00fastria e Servi\u00e7os (n\u00ba 2869 &#8211; ano XII)<\/a><br \/>\n<a href=\"https:\/\/sitesbbr.com\/recrutamento\/wp-content\/uploads\/2024\/04\/Diario-de-Sao-Paulo-06-05-12.jpg\">Di\u00e1rio de S\u00e3o Paulo (06-05-12)<\/a><br \/>\n<a href=\"https:\/\/sitesbbr.com\/recrutamento\/wp-content\/uploads\/2024\/04\/Diario-Regional-no-3141-ano-24.jpg\">Di\u00e1rio Regional (n\u00ba 3141 &#8211; ano 24)<\/a><br \/>\n<a href=\"https:\/\/sitesbbr.com\/recrutamento\/wp-content\/uploads\/2024\/04\/Jornal-da-Cidade-de-Bauru-13-05-19.jpg\">Jornal da Cidade de Bauru (13-05-19)<\/a><br \/>\n<a href=\"https:\/\/sitesbbr.com\/recrutamento\/wp-content\/uploads\/2024\/04\/Jornal-Empresas-Negocios-janeiro-2018.jpg\">Jornal Empresas &amp; Neg\u00f3cios (janeiro &#8211; 2018)<\/a><br \/>\n<a href=\"https:\/\/sitesbbr.com\/recrutamento\/wp-content\/uploads\/2024\/04\/Jornal-Empresas-e-Negocios-marco-2014.jpg\">Jornal Empresas e Neg\u00f3cios (mar\u00e7o-2014)<\/a><br \/>\n<a href=\"https:\/\/sitesbbr.com\/recrutamento\/wp-content\/uploads\/2024\/04\/Jornal-Estado-de-Minas-agosto-2017.jpg\">Jornal Estado de Minas (agosto-2017)<\/a><br \/>\n<a href=\"https:\/\/sitesbbr.com\/recrutamento\/wp-content\/uploads\/2024\/04\/Jornal-Folha-no-973-Ano-19.jpg\">Jornal Folha (n\u00ba 973 &#8211; Ano 19)<\/a><br \/>\n<a href=\"https:\/\/sitesbbr.com\/recrutamento\/wp-content\/uploads\/2024\/04\/Jornal-Gazeta-do-Povo-no-20-ano-I.jpg\">Jornal Gazeta do Povo (n\u00ba 20 &#8211; ano I)<\/a><br \/>\n<a href=\"https:\/\/sitesbbr.com\/recrutamento\/wp-content\/uploads\/2024\/04\/Jornal-Justica-Araraquara-maio-2014.jpg\">Jornal Justi\u00e7a Araraquara (maio-2014)<\/a><br \/>\n<a href=\"https:\/\/sitesbbr.com\/recrutamento\/wp-content\/uploads\/2024\/04\/Jornal-OAB-Campinas-12-06-19.jpg\">Jornal OAB Campinas (12-06-19)<\/a>[\/vc_column_text][\/vc_tab][vc_tab title=&#8221;2&#8243; tab_id=&#8221;1732196890841-1-1&#8243;][vc_column_text css=&#8221;&#8221;]<a href=\"https:\/\/sitesbbr.com\/recrutamento\/wp-content\/uploads\/2024\/04\/Jornal-OAB-Ribeirao-no-117-Ano-10.jpg\">Jornal OAB Ribeir\u00e3o (n\u00ba 117 &#8211; Ano 10)<\/a><br \/>\n<a href=\"https:\/\/sitesbbr.com\/recrutamento\/wp-content\/uploads\/2024\/04\/Sao-Paulo-De-Fato-no-280-ano-9-scaled.jpg\">S\u00e3o Paulo De Fato (n\u00ba 280 &#8211; ano 9)<\/a>[\/vc_column_text][\/vc_tab][\/vc_tabs][\/vc_column][vc_column width=&#8221;1\/2&#8243; enable_animation=&#8221;true&#8221; animation=&#8221;fadeInRight&#8221; delay=&#8221;600ms&#8221;][vc_column_text]<img loading=\"lazy\" decoding=\"async\" class=\"aligncenter wp-image-3469 size-full\" src=\"https:\/\/sitesbbr.com\/recrutamento\/wp-content\/uploads\/2024\/03\/depoimentos-2.jpg\" alt=\"\" width=\"800\" height=\"601\" srcset=\"https:\/\/sitesbbr.com\/recrutamento\/wp-content\/uploads\/2024\/03\/depoimentos-2.jpg 800w, https:\/\/sitesbbr.com\/recrutamento\/wp-content\/uploads\/2024\/03\/depoimentos-2-300x225.jpg 300w, https:\/\/sitesbbr.com\/recrutamento\/wp-content\/uploads\/2024\/03\/depoimentos-2-768x577.jpg 768w, https:\/\/sitesbbr.com\/recrutamento\/wp-content\/uploads\/2024\/03\/depoimentos-2-627x470.jpg 627w\" sizes=\"auto, (max-width: 800px) 100vw, 800px\" \/>[\/vc_column_text][\/vc_column][\/vc_row][vc_row type=&#8221;full_width_background&#8221; bg_color=&#8221;#dd3333&#8243; top_padding=&#8221;10&#8243; bottom_padding=&#8221;10&#8243;][vc_column enable_animation=&#8221;true&#8221; animation=&#8221;fadeInLeft&#8221; delay=&#8221;800ms&#8221;][\/vc_column][\/vc_row]<\/p>\n<\/div>","protected":false},"excerpt":{"rendered":"<p>[vc_row type=&#8221;full_width_background&#8221; bg_color=&#8221;#dd3333&#8243; top_padding=&#8221;10&#8243; bottom_padding=&#8221;10&#8243;][vc_column enable_animation=&#8221;true&#8221; animation=&#8221;fadeInLeft&#8221; delay=&#8221;500ms&#8221;][\/vc_column][\/vc_row][vc_row type=&#8221;full_width_background&#8221; bg_image=&#8221;3217&#8243; bg_position=&#8221;center center&#8221; parallax_bg=&#8221;true&#8221; bg_color=&#8221;#ffffff&#8221; overlay=&#8221;true&#8221; overlay_color=&#8221;rgba(255,255,255,0.7)&#8221; top_padding=&#8221;60&#8243; bottom_padding=&#8221;40&#8243;][vc_column width=&#8221;1\/2&#8243; enable_animation=&#8221;true&#8221; animation=&#8221;fadeInLeft&#8221; delay=&#8221;600ms&#8221;][vc_column_text] Clique-os para visualiza\u00e7\u00e3o:[\/vc_column_text][vc_tabs style=&#8221;style_1&#8243; position=&#8221;left&#8221;][vc_tab title=&#8221;1&#8243; tab_id=&#8221;5092ac4e-8944-9&#8243;][vc_column_text css=&#8221;&#8221;]A Comarca do Mundo Jur\u00eddico (n\u00ba 18 &#8211; ano 2) A Comarca do Mundo Jur\u00eddico (n\u00ba 20 &#8211; ano 2) A Comarca do Mundo Jur\u00eddico (n\u00ba [&hellip;]<\/p>\n","protected":false},"author":1,"featured_media":0,"parent":0,"menu_order":0,"comment_status":"closed","ping_status":"closed","template":"","meta":{"footnotes":""},"class_list":["post-3409","page","type-page","status-publish","hentry"],"post_mailing_queue_ids":[],"_links":{"self":[{"href":"https:\/\/sitesbbr.com\/recrutamento\/wp-json\/wp\/v2\/pages\/3409","targetHints":{"allow":["GET"]}}],"collection":[{"href":"https:\/\/sitesbbr.com\/recrutamento\/wp-json\/wp\/v2\/pages"}],"about":[{"href":"https:\/\/sitesbbr.com\/recrutamento\/wp-json\/wp\/v2\/types\/page"}],"author":[{"embeddable":true,"href":"https:\/\/sitesbbr.com\/recrutamento\/wp-json\/wp\/v2\/users\/1"}],"replies":[{"embeddable":true,"href":"https:\/\/sitesbbr.com\/recrutamento\/wp-json\/wp\/v2\/comments?post=3409"}],"version-history":[{"count":22,"href":"https:\/\/sitesbbr.com\/recrutamento\/wp-json\/wp\/v2\/pages\/3409\/revisions"}],"predecessor-version":[{"id":4191,"href":"https:\/\/sitesbbr.com\/recrutamento\/wp-json\/wp\/v2\/pages\/3409\/revisions\/4191"}],"wp:attachment":[{"href":"https:\/\/sitesbbr.com\/recrutamento\/wp-json\/wp\/v2\/media?parent=3409"}],"curies":[{"name":"wp","href":"https:\/\/api.w.org\/{rel}","templated":true}]}}

Mídia Impressa – Jornal

<div class="wpb-content-wrapper"><p>[vc_row type=&#8221;full_width_background&#8221; bg_color=&#8221;#dd3333&#8243; top_padding=&#8221;10&#8243; bottom_padding=&#8221;10&#8243;][vc_column enable_animation=&#8221;true&#8221; animation=&#8221;fadeInLeft&#8221; delay=&#8221;500ms&#8221;][/vc_column][/vc_row][vc_row type=&#8221;full_width_background&#8221; bg_image=&#8221;3217&#8243; bg_position=&#8221;center center&#8221; parallax_bg=&#8221;true&#8221; bg_color=&#8221;#ffffff&#8221; overlay=&#8221;true&#8221; overlay_color=&#8221;rgba(255,255,255,0.7)&#8221; top_padding=&#8221;60&#8243; bottom_padding=&#8221;40&#8243;][vc_column width=&#8221;1/2&#8243; enable_animation=&#8221;true&#8221; animation=&#8221;fadeInLeft&#8221; delay=&#8221;600ms&#8221;][vc_column_text]</p>
<p style="text-align: justify;"><img loading="lazy" decoding="async" class="alignnone wp-image-3424 " src="https://sitesbbr.com/recrutamento/wp-content/uploads/2024/03/1.jpg" alt="" width="240" height="45" srcset="https://sitesbbr.com/recrutamento/wp-content/uploads/2024/03/1.jpg 576w, https://sitesbbr.com/recrutamento/wp-content/uploads/2024/03/1-300x56.jpg 300w" sizes="auto, (max-width: 240px) 100vw, 240px" /></p>
<p><strong>Clique-os para visualização:</strong>[/vc_column_text][vc_tabs style=&#8221;style_1&#8243; position=&#8221;left&#8221;][vc_tab title=&#8221;1&#8243; tab_id=&#8221;5092ac4e-8944-9&#8243;][vc_column_text css=&#8221;&#8221;]<a href="https://sitesbbr.com/recrutamento/wp-content/uploads/2024/04/A-Comarca-do-Mundo-Juridico-no-18-ano-2.jpg">A Comarca do Mundo Jurídico (nº 18 &#8211; ano 2)</a><br />
<a href="https://sitesbbr.com/recrutamento/wp-content/uploads/2024/04/A-Comarca-do-Mundo-Juridico-no-20-ano-2.jpg">A Comarca do Mundo Jurídico (nº 20 &#8211; ano 2)</a><br />
<a href="https://sitesbbr.com/recrutamento/wp-content/uploads/2024/04/A-Comarca-do-Mundo-Juridico-no-24-ano-3.jpg">A Comarca do Mundo Jurídico (nº 24 &#8211; ano 3)</a><br />
<a href="https://sitesbbr.com/recrutamento/wp-content/uploads/2024/04/DCI-Diario-Comercio-Industria-e-Servicos-no-2869-ano-XII.jpg">DCI &#8211; Diário Comércio Indústria e Serviços (nº 2869 &#8211; ano XII)</a><br />
<a href="https://sitesbbr.com/recrutamento/wp-content/uploads/2024/04/Diario-de-Sao-Paulo-06-05-12.jpg">Diário de São Paulo (06-05-12)</a><br />
<a href="https://sitesbbr.com/recrutamento/wp-content/uploads/2024/04/Diario-Regional-no-3141-ano-24.jpg">Diário Regional (nº 3141 &#8211; ano 24)</a><br />
<a href="https://sitesbbr.com/recrutamento/wp-content/uploads/2024/04/Jornal-da-Cidade-de-Bauru-13-05-19.jpg">Jornal da Cidade de Bauru (13-05-19)</a><br />
<a href="https://sitesbbr.com/recrutamento/wp-content/uploads/2024/04/Jornal-Empresas-Negocios-janeiro-2018.jpg">Jornal Empresas &amp; Negócios (janeiro &#8211; 2018)</a><br />
<a href="https://sitesbbr.com/recrutamento/wp-content/uploads/2024/04/Jornal-Empresas-e-Negocios-marco-2014.jpg">Jornal Empresas e Negócios (março-2014)</a><br />
<a href="https://sitesbbr.com/recrutamento/wp-content/uploads/2024/04/Jornal-Estado-de-Minas-agosto-2017.jpg">Jornal Estado de Minas (agosto-2017)</a><br />
<a href="https://sitesbbr.com/recrutamento/wp-content/uploads/2024/04/Jornal-Folha-no-973-Ano-19.jpg">Jornal Folha (nº 973 &#8211; Ano 19)</a><br />
<a href="https://sitesbbr.com/recrutamento/wp-content/uploads/2024/04/Jornal-Gazeta-do-Povo-no-20-ano-I.jpg">Jornal Gazeta do Povo (nº 20 &#8211; ano I)</a><br />
<a href="https://sitesbbr.com/recrutamento/wp-content/uploads/2024/04/Jornal-Justica-Araraquara-maio-2014.jpg">Jornal Justiça Araraquara (maio-2014)</a><br />
<a href="https://sitesbbr.com/recrutamento/wp-content/uploads/2024/04/Jornal-OAB-Campinas-12-06-19.jpg">Jornal OAB Campinas (12-06-19)</a>[/vc_column_text][/vc_tab][vc_tab title=&#8221;2&#8243; tab_id=&#8221;1732196890841-1-1&#8243;][vc_column_text css=&#8221;&#8221;]<a href="https://sitesbbr.com/recrutamento/wp-content/uploads/2024/04/Jornal-OAB-Ribeirao-no-117-Ano-10.jpg">Jornal OAB Ribeirão (nº 117 &#8211; Ano 10)</a><br />
<a href="https://sitesbbr.com/recrutamento/wp-content/uploads/2024/04/Sao-Paulo-De-Fato-no-280-ano-9-scaled.jpg">São Paulo De Fato (nº 280 &#8211; ano 9)</a>[/vc_column_text][/vc_tab][/vc_tabs][/vc_column][vc_column width=&#8221;1/2&#8243; enable_animation=&#8221;true&#8221; animation=&#8221;fadeInRight&#8221; delay=&#8221;600ms&#8221;][vc_column_text]<img loading="lazy" decoding="async" class="aligncenter wp-image-3469 size-full" src="https://sitesbbr.com/recrutamento/wp-content/uploads/2024/03/depoimentos-2.jpg" alt="" width="800" height="601" srcset="https://sitesbbr.com/recrutamento/wp-content/uploads/2024/03/depoimentos-2.jpg 800w, https://sitesbbr.com/recrutamento/wp-content/uploads/2024/03/depoimentos-2-300x225.jpg 300w, https://sitesbbr.com/recrutamento/wp-content/uploads/2024/03/depoimentos-2-768x577.jpg 768w, https://sitesbbr.com/recrutamento/wp-content/uploads/2024/03/depoimentos-2-627x470.jpg 627w" sizes="auto, (max-width: 800px) 100vw, 800px" />[/vc_column_text][/vc_column][/vc_row][vc_row type=&#8221;full_width_background&#8221; bg_color=&#8221;#dd3333&#8243; top_padding=&#8221;10&#8243; bottom_padding=&#8221;10&#8243;][vc_column enable_animation=&#8221;true&#8221; animation=&#8221;fadeInLeft&#8221; delay=&#8221;800ms&#8221;][/vc_column][/vc_row]</p>
</div>

<p>[vc_row type=&#8221;full_width_background&#8221; bg_color=&#8221;#dd3333&#8243; top_padding=&#8221;10&#8243; bottom_padding=&#8221;10&#8243;][vc_column enable_animation=&#8221;true&#8221; animation=&#8221;fadeInLeft&#8221; delay=&#8221;500ms&#8221;][/vc_column][/vc_row][vc_row type=&#8221;full_width_background&#8221; bg_image=&#8221;3217&#8243; bg_position=&#8221;center center&#8221; parallax_bg=&#8221;true&#8221; bg_color=&#8221;#ffffff&#8221; overlay=&#8221;true&#8221; overlay_color=&#8221;rgba(255,255,255,0.7)&#8221; top_padding=&#8221;60&#8243; bottom_padding=&#8221;40&#8243;][vc_column width=&#8221;1/2&#8243; enable_animation=&#8221;true&#8221; animation=&#8221;fadeInLeft&#8221; delay=&#8221;600ms&#8221;][vc_column_text] Clique-os para visualização:[/vc_column_text][vc_tabs style=&#8221;style_1&#8243; position=&#8221;left&#8221;][vc_tab title=&#8221;1&#8243; tab_id=&#8221;5092ac4e-8944-9&#8243;][vc_column_text css=&#8221;&#8221;]A Comarca do Mundo Jurídico (nº 18 &#8211; ano 2) A Comarca do Mundo Jurídico (nº 20 &#8211; ano 2) A Comarca do Mundo Jurídico (nº [&hellip;]</p>
